be 2/1 - (-9 + 8). Give w(k).
3
Let s(c) = 0*c**2 + 6 - 8 + 2*c - c**3 - 3*c - c**2. Determine s(0).
-2
Let d(a) = -6*a**2 + 3 - 3*a - 4*a - a**3 + 2*a. Suppose 3*r = -r. Let f be r - (0/(-2) - -5). Determine d(f).
3
Let x(c) = 3*c - 13. Let s be x(7). Let y(z) = s + 1 + z + 0*z - 3. Give y(-5).
1
Let z(i) = -6*i**3 + 3*i + 4. Let o(w) = w**3 - w - 1. Let v(u) = u + 8. Let f be v(-9). Let h(q) = f*z(q) - 5*o(q). Calculate h(-1).
-2
Let w(h) be the first derivative of -h**4/4 - 5*h**3/3 + h**2/2 - 2*h + 21. Determine w(-5).
-7
Suppose 0 = -3*t - 0*t + 15. Let p(z) = 5*z - 6. Determine p(t).
19
Let u(n) = -n**2 - 6*n - 6. Suppose 0 = 2*s - 5*s - 15. Calculate u(s).
-1
Let f(p) be the first derivative of -p**2/2 - 5*p - 2. Let x be f(-3). Let b(y) = -2 + 2*y - 4*y**2 + 3*y**2 - 6*y. What is b(x)?
2
Let d(z) = 2*z + 6. Let u(l) = 3 - 2*l**2 - 2 + 3*l**2 + 0*l + l. Let p(b) = 4*b**2 + 9*b + 6. Let n(h) = -p(h) + 5*u(h). Let c be n(3). Calculate d(c).
-2
Let q(x) = -x - 8. Let g(w) = 9*w**3 + 4*w + 4. Let j be g(-1). Calculate q(j).
1
Let w be 0/(-2)*(-7 - (3 + -11)). Let u(b) = -b**3 - b + 14. Determine u(w).
14
Let q(v) = 5*v + 4. Suppose j - 6 = -2*j. Let n(a) = 5*a + 3. Let z(r) = j*q(r) - 3*n(r). Let k be ((-1)/(-1))/(-2 - -1). Give z(k).
4
Suppose -2*l + 6*h = 5*h - 3, 0 = 3*h - 3. Let i(a) = -8*a + 3. Calculate i(l).
-13
Let l(a) = a**2 - 3*a + 2. Suppose -4*b - 5 - 3 = 0. Let i = b + 6. What is l(i)?
6
Let a(c) be the first derivative of c**6/120 + c**5/15 - c**4/4 - c**3/2 + c**2 + 3. Let f(z) be the second derivative of a(z). What is f(-5)?
2
Suppose -4*l + l = -2*l. Let a(z) = z - 9. Calculate a(l).
-9
Let w be (28/49)/((-1)/(-7)). Let j(i) = -w*i + 6*i - i + 0*i. What is j(6)?
6
Let j be (3 + 3)/(1/2). Let r = 8 - j. Let d(v) = v**3 + 5*v**2 + 5*v - 1. Calculate d(r).
-5
Let o be (-20)/(-35)*(-7)/(-2). Suppose a = o*a. Let p(k) = 2*k**3 + k**2 + k - 5. Let g(y) = -y**3. Let t(z) = 3*g(z) + p(z). Determine t(a).
-5
Let n(l) = 2*l**2 - 2*l + 2. Let o be n(2). Let b be 0*(-3)/o + 2. Let g(r) = 2*r**2 + r**b + r**2 + 4*r - 3*r**2 + 2. Calculate g(-3).
-1
Suppose -i - 5*i = 0. Let y(c) be the third derivative of 1/6*c**3 + 1/12*c**5 + 0*c + 1/12*c**4 - 2*c**2 + i. Give y(-1).
4
Let a(z) = -4*z + 1 + 0*z**2 - z**2 + 5*z. Suppose 0 = -b + 3*b + 8. Let i be 18/b*2/(-3). Calculate a(i).
-5
Let v(a) = a + 7. Let r = 7 + -1. Let u(k) be the first derivative of k**2/2 + 8*k + 1. Let f(t) = r*v(t) - 5*u(t). Determine f(-6).
-4
Let m(c) = -2*c - c + 5*c + 1 + 2*c**2. Suppose 0 = 2*p, 3*z + 3*p = -p. Suppose -t + z = 1. Calculate m(t).
1
Suppose 0 = -v + 2*v - 1. Let c(p) = -2 - 6*p + 2 - 1. Determine c(v).
-7
Let c(l) = -l**3 - 3*l**2 + l + 5. Let a be c(-4). Suppose -a - 1 = 3*s. Let t = s - -3. Let j(y) = y**2 + 3*y - 1. Determine j(t).
-1
Let a(l) = -11*l**2 + 2*l + 3. Let y(g) = -12*g**2 + 2*g + 4. Suppose 3 = 3*q + 15. Let i be (7 + q)*(1 + -2). Let p(n) = i*a(n) + 2*y(n). Calculate p(-1).
10
Let j(z) = -z + 1. Let b(s) = -6*s + 2. Let x(d) = -b(d) + j(d). Give x(-1).
-6
Let q(f) = f**3 + f**2 + f - 14. Let h(k) = k - 1. Let o be h(1). Give q(o).
-14
Let w(g) = 4*g + 3 - 8 - 4*g - 2*g. Suppose 3*r + 7 = u + 3*u, 2*u - 21 = 5*r. Calculate w(r).
5
Let c(r) be the first derivative of r**4/3 - r**3/6 + r**2 + 1. Let m(i) be the second derivative of c(i). Suppose k - 5*k + 4 = 0. Give m(k).
7
Let x(d) = 4 - 5 + 0*d - 7*d. Let o(t) = t**3 - 4*t**2 - t - 1. Let a be o(4). Let j = -6 - a. What is x(j)?
6
Suppose 2*t - 5*t = -6. Let g(a) = -a**3 - a**2 + 4*a**2 - 12 - 2*a**t. Calculate g(0).
-12
Let z(n) be the first derivative of 2*n**2 + 4 - 3*n + 1/6*n**3. Let v(j) be the first derivative of z(j). Determine v(-5).
-1
Let i(s) = s**3 + 7*s**2 + 3. Suppose 3*o + 3 + 18 = 0. Determine i(o).
3
Let t(k) = -9*k - 4 + k + 9*k. What is t(3)?
-1
Let o(j) = -19*j - 19*j + 37*j. Calculate o(-3).
3
Let d = 35/22 + -12/11. Let w(x) be the second derivative of 0 + d*x**2 + 1/6*x**3 + 2*x. Calculate w(3).
4
Let o be (-38)/10 + (-2)/10. Suppose 3*l + 2*l = 10. Let u be 1*l + o + 1. Let d(r) = 3*r**3 - 2*r**2 - 2*r - 1. Determine d(u).
-4
Let c(j) = -j**3 + 3*j**2 - j - 3. Let y be (10/(-6))/((-1)/(-3)). Let w(u) = 2*u**2 + 6*u. Let z be w(-4). Let x = z + y. Give c(x).
-6
Let p be ((-18)/3)/((-2)/2). Let s(i) be the third derivative of i**4/8 - 4*i**3/3 - 77*i**2. Determine s(p).
10
Let o(g) = 2*g**2 + 5*g + 2. Let r = 6 + -4. Let l be ((-6)/4)/(1/r). Give o(l).
5
Let x be 1*(1 + 0)*0. Suppose c + 4*w - 1 + 8 = 0, c - 3*w = x. Let a(g) = g**3 + 5*g**2 + 2*g - 3. Calculate a(c).
9
Let p(x) = -x**2 - 6*x - 4. Let f(d) = -d**3 - 12*d**2 - 11*d - 5. Let o be 2/4 + 23/(-2). Let m be f(o). What is p(m)?
1
Let b = -4 - -1. Let r(d) = -d**3 - 4*d**2 - 2*d. Let l(t) = -t**3 - 3*t**2 + t + 1. Let x(p) = 2*l(p) - r(p). Calculate x(b).
-1
Let i(c) be the third derivative of -c**5/60 + 5*c**4/24 + c**3/2 + 3*c**2 + 9. Let f = -11 - -17. Give i(f).
-3
Suppose 10*r - 5*r = 2*m + 9, 2*r = -m. Let n be (-12)/(-30) - 26/(-10). Let d(q) = 5*q**2 - n*q + 6*q - q + 2 + 2*q + q**3. Give d(m).
6
Let c(p) = -11*p + 3. Suppose 6 = -i - i - 2*o, 3*o + 15 = 0. Determine c(i).
-19
Let u(z) = 3*z**2 + 6*z + 7. Let j(q) = 4*q**2 + 5*q + 8. Let v(l) = 2*j(l) - 3*u(l). Suppose -4*w + 8 = -0*w. Suppose -5*o - 18 = -w*o. Calculate v(o).
7
Let c(k) = -k**3 + 3*k**2 - 4*k + 2. Let v = -20 - -24. Let b = v - 1. Determine c(b).
-10
Let w(j) = j**3 - 5*j**2 + j + 5. Let c = -15 + 17. Let y be 7 - (2 + (c - 1)). What is w(y)?
-7
Let p(j) = -2 - 5*j + 2*j**2 - j**2 + 0*j**2 + 0*j**2. What is p(4)?
-6
Suppose -5*o = -18 + 8. Suppose 0 = -3*q - 5*k + 9, 5*q = q + 5*k + 12. Let i(z) = -5*z**2 + 0*z**q + 1 + z**3 + 3*z**o. What is i(-1)?
-2
Let y(s) = -4 - 2*s**3 + 3*s**3 - 4*s**2 + 4*s**2 - 3*s**2. Determine y(3).
-4
Let l = 3 - -3. Let w(z) = -2*z + 3. Let i(u) = -4*u + 5. Let f(j) = l*i(j) - 13*w(j). Give f(6).
3
Suppose 0 = -6*b + 3*b - 9. Let t(q) = 5*q - 1. Let w(l) = 9*l - 2. Let z(c) = 5*t(c) - 3*w(c). Calculate z(b).
7
Let t(a) be the first derivative of a**4/4 + 3*a**3 + 9*a**2/2 + 12*a + 9. Calculate t(-8).
4
Let y(l) be the third derivative of -l**6/60 + l**5/30 + l**4/24 + l**3/6 + 8*l**2. Suppose -4*h + 13 = 5. Calculate y(h).
-5
Suppose -3*h - 8 - 6 = -2*t, -t + 12 = -4*h. Let o(k) = 0*k**3 - 1 - 1 + k**3 + 0*k**3. What is o(h)?
-10
Let i(f) = 15*f**3 - 4*f**2 + 7*f + 9. Let d(s) = -7*s**3 + 2*s**2 - 3*s - 4. Let r(p) = -9*d(p) - 4*i(p). Determine r(-1).
-4
Let s(n) = -3*n - 2. Suppose 1 = -l - k, 5*l - k + 14 = 3*k. Let m = l - -3. Let y be (m/1)/(2/(-4)). Calculate s(y).
4
Let a(d) = d**2 - 2*d + 4. Suppose 2*g + 21 = 3*w, 4*w + 19 = 5*g + 75. Let n be 3/g - 42/(-8). Suppose -4*l + 0*h = n*h + 8, -3*l + 5 = h. What is a(l)?
7
Let u(i) be the third derivative of i**6/120 - i**5/12 + i**4/8 + i**3/6 - i**2. Let a be (4 + 28/(-4))*-1. Give u(a).
-8
Let f(h) be the second derivative of h**3/2 + 7*h**2/2 - 51*h. Calculate f(-3).
-2
Let p = 4 - 11. Let n(s) = -s**2 - 8*s - 3. Give n(p).
4
Let i(h) = -h**3 + 5*h**2 + 7*h - 3. Let f(m) = -2*m**3 + 10*m**2 + 13*m - 6. Let o(c) = 3*f(c) - 5*i(c). Determine o(6).
-15
Suppose n + 14 - 1 = 3*f, 3*f - 17 = 5*n. Let s(a) = -3 + 0*a + 5*a - f*a. Calculate s(6).
3
Let k = -26 - -26. Let u(v) = -v - 2. Let r be u(-4). Let j(b) = 8 + b**r + 0*b**2 - 2 + b. Determine j(k).
6
Let i(f) = -f + 1. Let h(q) = -q - 3. Let v be h(-3). What is i(v)?
1
Suppose -14*d = -11*d + 6. Let n be d/(-3) + (-133)/(-21). Let b(u) = u**3 - 8*u**2 + 5*u + 10. Determine b(n).
-4
Let a(y) = -50*y**3 + 6*y**2 + 6*y - 31. Let v(d) = 17*d**3 - 2*d**2 - 2*d + 11. Let z(l) = 6*a(l) + 17*v(l). What is z(-1)?
12
Let k(f) = 3*f**2 - 10*f - 14. Let a(y) = 4*y**2 - 10*y - 15. Let x(t) = -4*a(t) + 5*k(t). Calculate x(-8).
6
Let p(f) = 3*f - 1. Let b(z) = 0*z - z - 4*z + 1. Let w(s) = -5*b(s) - 8*p(s). Let g(v) = -v + 4. Let r be g(6). What is w(r)?
1
Let j(u) = -1 - 2 - 5 + 7. Let r(a) = a + 10. Let n(f) = -18*j(f) - 2*r(f). Determine n(-4).
6
Let j be (-48)/(-9) - 1/3. Suppose -4*r - 8 - 12 = b, -j*r - 5*b = 40. Let x(l) = -l**3 - 5*l**2 - 6*l - 1. Determine x(r).
7
Let d = 2 - 2. Let j(l) = 0*l**2 + 30 + l**2 + 25 - 53. Give j(d).
2
Suppose 5*o + k + 27 = 0, 3*k = 3*o - 0 + 9. Let a(r) = -r**